{"id":490,"date":"2026-02-08T14:29:21","date_gmt":"2026-02-08T14:29:21","guid":{"rendered":"http:\/\/susurroschinos.com\/?page_id=490"},"modified":"2026-02-16T11:33:46","modified_gmt":"2026-02-16T11:33:46","slug":"recepcion-de-proyectos","status":"publish","type":"page","link":"https:\/\/susurroschinos.com\/index.php\/recepcion-de-proyectos\/","title":{"rendered":"Recepci\u00f3n de propuestas"},"content":{"rendered":"\n<p><strong>Ola Cero<\/strong> recibe propuestas de proyectos de traducci\u00f3n y de publicaci\u00f3n de obras in\u00e9ditas que se inscriban en las l\u00edneas de lectura del sello, en los g\u00e9neros de novela, cuento, ensayo y poes\u00eda.<\/p>\n\n\n\n<p>En el caso de las traducciones, nos interesan textos que permitan volver a leer obras olvidadas, nunca antes traducidas al espa\u00f1ol o susceptibles de nuevas traducciones. Valoramos propuestas que justifiquen la pertinencia del texto en el presente y su posible lugar en el cat\u00e1logo.<\/p>\n\n\n\n<p>Para las obras in\u00e9ditas, buscamos escrituras contempor\u00e1neas que aporten novedad al canon: textos que ensayen formas, procedimientos o modos de pensar la literatura capaces de producir un desplazamiento en el campo literario.<\/p>\n\n\n\n<p>Cada proyecto ser\u00e1 le\u00eddo con atenci\u00f3n. La recepci\u00f3n no implica compromiso de publicaci\u00f3n, pero s\u00ed una pr\u00e1ctica de lectura cuidadosa y situada, en sinton\u00eda con el trabajo editorial del sello.<\/p>\n\n\n\n<p>Para enviar un proyecto para su consideraci\u00f3n, completar el siguiente formulario:<\/p>\n\n\n\n<p><a href=\"https:\/\/docs.google.com\/forms\/d\/e\/1FAIpQLSdjHlCyozdtcI0wG-Lj1lbLYJaLMvZyfPMfiWKN1zz4nI86FA\/viewform?usp=publish-editor\" target=\"_blank\" rel=\"noreferrer noopener\"><strong>Presentaci\u00f3n de proyecto<\/strong><\/a><br><\/p>\n\n\n\n<p>Agradecemos el inter\u00e9s en compartir trabajos con Ola Cero y el tiempo dedicado a pensar cada env\u00edo.<\/p>\n","protected":false},"excerpt":{"rendered":"<p>Ola Cero recibe propuestas de proyectos de traducci\u00f3n y de publicaci\u00f3n de obras in\u00e9ditas que se inscriban en las l\u00edneas &hellip; <a class=\"more-link\" href=\"https:\/\/susurroschinos.com\/index.php\/recepcion-de-proyectos\/\">More<\/a><\/p>\n","protected":false},"author":1,"featured_media":0,"parent":0,"menu_order":0,"comment_status":"closed","ping_status":"closed","template":"","meta":{"spay_email":""},"yoast_head":"<!-- This site is optimized with the Yoast SEO plugin v15.0 - https:\/\/yoast.com\/wordpress\/plugins\/seo\/ -->\n<title>Recepci\u00f3n de propuestas - Susurros Chinos<\/title>\n<meta name=\"robots\" content=\"index, follow, max-snippet:-1, max-image-preview:large, max-video-preview:-1\" \/>\n<link rel=\"canonical\" href=\"http:\/\/susurroschinos.com\/index.php\/recepcion-de-proyectos\/\" \/>\n<meta property=\"og:locale\" content=\"en_US\" \/>\n<meta property=\"og:type\" content=\"article\" \/>\n<meta property=\"og:title\" content=\"Recepci\u00f3n de propuestas - Susurros Chinos\" \/>\n<meta property=\"og:description\" content=\"Ola Cero recibe propuestas de proyectos de traducci\u00f3n y de publicaci\u00f3n de obras in\u00e9ditas que se inscriban en las l\u00edneas &hellip; More\" \/>\n<meta property=\"og:url\" content=\"http:\/\/susurroschinos.com\/index.php\/recepcion-de-proyectos\/\" \/>\n<meta property=\"og:site_name\" content=\"Susurros Chinos\" \/>\n<meta property=\"article:publisher\" content=\"https:\/\/facebook.com\/susurroschinos\" \/>\n<meta property=\"article:modified_time\" content=\"2026-02-16T11:33:46+00:00\" \/>\n<meta name=\"twitter:card\" content=\"summary_large_image\" \/>\n<meta name=\"twitter:creator\" content=\"@SusurrosChinos\" \/>\n<meta name=\"twitter:site\" content=\"@SusurrosChinos\" \/>\n<script type=\"application\/ld+json\" class=\"yoast-schema-graph\">{\"@context\":\"https:\/\/schema.org\",\"@graph\":[{\"@type\":\"WebSite\",\"@id\":\"https:\/\/susurroschinos.com\/#website\",\"url\":\"https:\/\/susurroschinos.com\/\",\"name\":\"Susurros Chinos\",\"description\":\"Traducci\\u00f3n Literaria\",\"potentialAction\":[{\"@type\":\"SearchAction\",\"target\":\"https:\/\/susurroschinos.com\/?s={search_term_string}\",\"query-input\":\"required name=search_term_string\"}],\"inLanguage\":\"en-US\"},{\"@type\":\"WebPage\",\"@id\":\"http:\/\/susurroschinos.com\/index.php\/recepcion-de-proyectos\/#webpage\",\"url\":\"http:\/\/susurroschinos.com\/index.php\/recepcion-de-proyectos\/\",\"name\":\"Recepci\\u00f3n de propuestas - Susurros Chinos\",\"isPartOf\":{\"@id\":\"https:\/\/susurroschinos.com\/#website\"},\"datePublished\":\"2026-02-08T14:29:21+00:00\",\"dateModified\":\"2026-02-16T11:33:46+00:00\",\"inLanguage\":\"en-US\",\"potentialAction\":[{\"@type\":\"ReadAction\",\"target\":[\"http:\/\/susurroschinos.com\/index.php\/recepcion-de-proyectos\/\"]}]}]}<\/script>\n<!-- \/ Yoast SEO plugin. -->","_links":{"self":[{"href":"https:\/\/susurroschinos.com\/index.php\/wp-json\/wp\/v2\/pages\/490"}],"collection":[{"href":"https:\/\/susurroschinos.com\/index.php\/wp-json\/wp\/v2\/pages"}],"about":[{"href":"https:\/\/susurroschinos.com\/index.php\/wp-json\/wp\/v2\/types\/page"}],"author":[{"embeddable":true,"href":"https:\/\/susurroschinos.com\/index.php\/wp-json\/wp\/v2\/users\/1"}],"replies":[{"embeddable":true,"href":"https:\/\/susurroschinos.com\/index.php\/wp-json\/wp\/v2\/comments?post=490"}],"version-history":[{"count":7,"href":"https:\/\/susurroschinos.com\/index.php\/wp-json\/wp\/v2\/pages\/490\/revisions"}],"predecessor-version":[{"id":539,"href":"https:\/\/susurroschinos.com\/index.php\/wp-json\/wp\/v2\/pages\/490\/revisions\/539"}],"wp:attachment":[{"href":"https:\/\/susurroschinos.com\/index.php\/wp-json\/wp\/v2\/media?parent=490"}],"curies":[{"name":"wp","href":"https:\/\/api.w.org\/{rel}","templated":true}]}}